 2*d - 46, -z + d = -13. Let o = z - -21. What is the units digit of o?
1
Suppose -4*w + 4*m = 0, -4*w + m + 2 = -2*m. Suppose w*v - 131 = 29. What is the units digit of v?
0
Suppose -o = 3*o + 4, -2*o + 2149 = 3*r. What is the units digit of r?
7
Suppose 0 = -2*m + 4*l - 12, m - l + 14 = 6*m. Suppose -z - a + 60 = -7, 8 = m*a. Let t = -39 + z. What is the units digit of t?
4
Let h(x) = x**3 - 13*x**2 + 11*x + 6. Let w be h(11). Let f = 54 + w. Let m = -32 - f. What is the tens digit of m?
2
Let k(g) = -10*g**2 - 207*g - 42. What is the units digit of k(-13)?
9
Let f(l) = -19*l**2 - 179*l - 6. What is the tens digit of f(-5)?
1
Let i(w) = w - 7. Let h be i(9). Suppose -b - b + 16 = 0. Let t = h + b. What is the units digit of t?
0
What is the units digit of (-18)/4*(48/(-54))/4?
1
Suppose 70 = 40*a - 35*a. Suppose 2*l + v = 13, 0 = -l + 2*l + 3*v - a. What is the units digit of l?
5
Let s = -76 + 77. Let w(n) be the third derivative of n**5/6 + n**4/24 + 2*n**2. What is the tens digit of w(s)?
1
Let n(z) = -z**2 + 9*z + 39. Let p be n(12). Suppose 3*g = 5*x + 628, -4*x - 11 + p = 0. What is the tens digit of g?
0
Let x(n) be the third derivative of n**4/4 - 2*n**3/3 - 6*n**2. Suppose 2*o + f = 10, -5*f = o - 0*o + 4. What is the units digit of x(o)?
2
Suppose 0 = -q + 2, -t + 2*q = -2*t + 453. What is the hundreds digit of t?
4
Suppose 2884 = 14*b - 10*b. What is the tens digit of b?
2
Let d be 10 + 520/(-50) + 207/5. Let c = 39 - 74. Let o = c + d. What is the units digit of o?
6
Let f(h) = 6*h + 14. Suppose g + 4*b = 13, b - 3 - 43 = -5*g. What is the units digit of f(g)?
8
Suppose -2*l + l + 9 = 0. What is the units digit of 30 - (l + -6 + (-2)/1)?
9
Suppose 265*l - 258*l - 2261 = 0. What is the hundreds digit of l?
3
Let k(v) be the third derivative of v**6/120 - 2*v**5/15 + 5*v**4/24 + v**3/6 + 12*v**2. Let d be k(7). Let z = d - -48. What is the units digit of z?
5
Let d(f) = -f**3 + 9*f**2 - f + 18. Let i be d(9). What is the tens digit of 3 - (347 + i)*(-2)/4?
8
Suppose 13631 + 46561 = 38*h. What is the hundreds digit of h?
5
Let i = -189 + 1144. What is the tens digit of i?
5
Suppose -437 = 5*g - 2492. Let v = -148 + g. What is the units digit of v?
3
Let u = -2779 - -7291. What is the tens digit of u?
1
Let p = 20 - 23. Let m be p + (-4)/(-8)*6. Suppose 3 = -3*a - m, 4*q - 35 = -a. What is the units digit of q?
9
What is the hundreds digit of 1569/(7*(-36)/(-168))?
0
Suppose 6*a - 4*a - 46 = 0. Let v = a - -44. What is the units digit of v?
7
Suppose 776 = 16*h - 4536. What is the tens digit of h?
3
Let b(j) = -635*j + 0 + 1 + 593*j. What is the hundreds digit of b(-4)?
1
Let z(a) = 67*a**2 - 28*a - 150. What is the tens digit of z(-8)?
6
Suppose 4*i - 1240 = -2*k, 0 = -4*i - 0*k - 5*k + 1240. What is the units digit of i?
0
Let u(q) = 9*q**2 + 13*q + 11. What is the tens digit of u(-8)?
8
Suppose 18 = n - 2*n. Let g be (0 - -2 - 1)/((-2)/22). Let p = g - n. What is the units digit of p?
7
Suppose -2*u - 7*u + 6408 = 0. What is the tens digit of u?
1
Let n(c) = 20*c + 32. Let f(m) = -21*m - 33. Let u(p) = -6*f(p) - 7*n(p). What is the units digit of u(-9)?
0
Suppose 10426 = 51*j - 38*j. What is the hundreds digit of j?
8
Let l(u) = -2*u + 11. Let f be l(4). Suppose 0 = 5*b - s - 276 + 71, -b - f*s = -25. What is the tens digit of b?
4
Let a be -1 + -2*76/(-8). Suppose -4*i + 74 = a. What is the units digit of i?
4
Let y = 296 + -93. What is the units digit of y?
3
Let v(a) be the second derivative of -a**4/12 + a**3/2 - a**2/2 + 6*a. Let u be v(4). Let h(x) = x**3 + 4*x**2 - 5*x + 4. What is the units digit of h(u)?
4
Suppose 0 = -18*x + 49*x - 3224. What is the tens digit of x?
0
Let w = -215 + 897. What is the hundreds digit of w?
6
Let d(n) = -n + 1. Suppose 2 = -o - 0. Let u be d(o). Suppose u*j + 42 = z, 3*j = -2*z + z + 36. What is the units digit of z?
9
Suppose 3*s = -2*s + 715. Let y = s - 24. What is the units digit of y?
9
Let a(j) = j**2 - 2*j - 12. Let u be a(5). Let p(f) = -39*f + 10 - u + 46*f. What is the tens digit of p(6)?
4
Let s be -1*(4 + 3*-2). Suppose s*m - 3 - 3 = 0. What is the units digit of m?
3
Let s be (-5)/(-15) + 16/(-12). Let p = 7 + s. What is the units digit of p?
6
Suppose -6*t + 9*t = 126. Suppose 10 = 5*j, -4*i = -3*i - j - t. What is the tens digit of i?
4
What is the tens digit of (-2)/(-10)*-4*7320/(-48)?
2
What is the units digit of (-16)/(-12)*(-8136)/(-16)?
8
Suppose -60335 = -51*m + 34015. What is the hundreds digit of m?
8
Let a(j) be the third derivative of j**5/30 + j**4/6 - j**3/2 - j**2. Suppose -4*k - 2*k = 36. What is the units digit of a(k)?
5
What is the tens digit of 57/(24/(-216) + 4/18)?
1
Suppose 2*l = 5*j + 11, -j + 37 = 4*l - 6*j. Suppose 14*h - l*h + 3 = 0. What is the tens digit of 16/4 + h + 46?
4
What is the tens digit of 357 - (2/(-8) - (-16)/64)?
5
What is the hundreds digit of 21/(-6 + 2508/416)?
7
Suppose 2 = -o + 4*o - i, -5*o = -4*i - 1. What is the tens digit of (-682)/(-8) - o/4?
8
Let k = 319 - 26. What is the hundreds digit of k?
2
Let i = 837 + -539. What is the tens digit of i?
9
Suppose 61*q = 23260 + 70741. What is the hundreds digit of q?
5
What is the hundreds digit of (3 + (-21)/2)/(17/(-442))?
1
Let v be 69/1 - (0 - 0). Let m = -46 + v. Let g = m - 14. What is the units digit of g?
9
Suppose -2*u - 36 = -8*u. Suppose -u*i + 242 = -442. What is the units digit of i?
4
Let m = 18 - 13. Suppose 4*q = m*b + 13, 2*b + 10 = -2*b + 3*q. What is the units digit of (15 - b)/(-1 - -2)?
6
Suppose -4*s + 160 = q, -s - 435 = -3*q - 4*s. What is the tens digit of q?
4
Let y(m) = -m**3 - 11*m**2 + 10*m + 11. What is the hundreds digit of y(-14)?
4
Suppose 4*v - 376 = 2*p, 2*v - 3*p + 27 = 207. What is the tens digit of v?
9
Let p be (-4 + 5 + 44)*(-48)/(-10). Let m = p - 86. What is the tens digit of m?
3
Let q be 10*((-15)/6 - -3). Suppose 3*y = q*y - 4. What is the tens digit of -1 - ((-68)/4 - y)?
1
Let j = 147 + 324. What is the hundreds digit of j?
4
Let a be 4/(-7)*28/(-8). Suppose 0 = 2*r - 3*g - 9, 3*g + 8 = -a*r + 23. Suppose 2*s = -m + 43, m - 23 = 5*s - r*s. What is the units digit of s?
0
Let n = 254 - 166. What is the units digit of n?
8
Let j be 1 + 0 + -1 + 4. Suppose j*f + 4 = 12. Let p(i) = 6*i + 1. What is the units digit of p(f)?
3
Suppose 0 = 4*p - 6*i + 3*i - 1400, 3*i = 0. What is the hundreds digit of p?
3
Suppose -5*x - 5 = 155. Suppose 0 = -3*m - a + 4, 5*a = -3*m - 4. Let u = m - x. What is the units digit of u?
4
Suppose l - 186 = -5*c, l = c - 25 - 17. Let r = 7 - 3. Suppose 5*j - 3*j - 2*k - 56 = 0, -r*k = j - c. What is the units digit of j?
0
Suppose -9*t = -12*t + 918. Suppose -16*h = -13*h - t. What is the units digit of h?
2
Let n be (-1 - -1)/(8/4). Suppose n = 5*p + 15. Let y = 20 + p. What is the tens digit of y?
1
Let i = -419 - -763. What is the units digit of i?
4
Suppose -8 = -4*h, g + h - 517 = -2*h. What is the tens digit of g?
1
Suppose -2*x = 3*i + 4, -3*i + i + 5*x = -29. Suppose -16 = i*t + 44. What is the tens digit of (-40)/t*(-27)/(-2)?
1
Let l be (-9 + 0)*(3 - 2). Let z = l - -47. What is the units digit of z?
8
Suppose 7*r - 475 - 1912 = 0. What is the hundreds digit of r?
3
Suppose 205*a = -t + 200*a + 3101, 0 = -t + 3*a + 3061. What is the units digit of t?
6
Suppose 0 = 2*r - 7*r. Let s be ((-2)/(-4)*r)/2. Let t = s + 21. What is the units digit of t?
1
Let u = -1 + 5. Suppose -s = -u*s - 66. What is the tens digit of 4/((-8)/s) + 3?
1
Let f(a) = -47*a - 654. What is the units digit of f(-25)?
1
Let p = 103 - 341. Let t = 338 + p. What is the units digit of t?
0
Let y(l) = -l**2 + 13*l + 13. Let w be 96/(-18)*3/(-2). What is the tens digit of y(w)?
5
Let f = -121 + 697. What is the hundreds digit of f?
5
Suppose 6*d + 2*d - 2872 = 0. What is the tens digit of d?
5
Let i(k) = k**2 + 19*k - 10. Let x be i(-9). Let s = -198 - x. What is the units digit of (-12)/15 + s/(-10)?
9
Suppose -803 + 132 = 11*w. Let r = w + 134. What is the units digit of r?
3
Let x(i) = -i**3 + 5*i**2 + 3*i + 6. Let g be x(6). Suppose 0 = 3*p + t - 108, p - 2*p + 41 = 2*t. Let v = g + p. What is the tens digit of v?
2
Let c(p) = -28*p**3 + 7*p**2 + 12*p + 12. What is the tens digit of c(-4)?
6
Let l(v) be the third derivative of -v**6/12